7 = 59, 0 = 2*i + k - 11. Suppose -i*q = -7*q + 16. What is the remainder when 21 is divided by q?
5
Suppose -6*r = -3*c + 279, 0 = 5*r - 0*r + 35. Calculate the remainder when 6476 is divided by c.
77
Suppose -4*l + l + 80 = 5*m, 2*l - 36 = -2*m. Calculate the remainder when 4/(-20)*1*-185 is divided by m.
11
Calculate the remainder when 1549 is divided by 23 - (-2030)/21*3.
297
What is the remainder when 1911 is divided by (-9)/(-6) + (1/((-4)/(-7638)) - 6)?
6
Suppose 76*n - 78*n + 4*g + 218 = 0, 35 = 5*g. What is the remainder when 955 is divided by n?
94
Let f be (6 + -7)/((-1)/110). Suppose -14*j + 320 - f = 0. Let p = 136 - 94. Calculate the remainder when p is divided by j.
12
Suppose -2*x = -x - 118. Suppose 2*c + 32*t - 30*t = 94, -t = -7. Calculate the remainder when x is divided by c.
38
Suppose 0 = -3*g - g + 40. Suppose 0 = c - 300 + 295. Calculate the remainder when g is divided by c.
0
Let o(z) = z**2 - 8*z + 22. Let h be o(6). Suppose -s = -5*g + 56, -h + 2 = -2*g + 4*s. Let y = 39 - 5. Calculate the remainder when y is divided by g.
10
Suppose 0 = -9*s + s. Let x(w) = -w**3 - w**2 - 2*w + 4. Let f be x(s). Suppose f*z = 6 + 10. What is the remainder when 12 is divided by z?
0
Let u be ((-112)/84)/(2/(-6)). Suppose 349 = u*k - 3*x, -k + 4*x + 66 = -x. Calculate the remainder when k is divided by 16.
11
Suppose 5*k = 15, -4 + 1 = -5*b + 4*k. Suppose b*f + 1 = 5*a, 0 = 5*f - 16 + 1. Calculate the remainder when 11 is divided by a.
1
Let z be 2/(-2)*(23 + 11). What is the remainder when 286 is divided by ((-24)/(-6) - z) + 3?
40
Suppose 9*m - 5*m = 8*m - 2440. What is the remainder when m is divided by 122?
0
Let r(f) = f**3 + 11*f**2 - 14*f + 29. Let t be r(-12). Let n = t - 26. Let h(w) = 2*w + 2. What is the remainder when 165 is divided by h(n)?
53
Suppose 3*j = -h - 20 + 121, -95 = -3*j + 2*h. What is the remainder when 704 is divided by j?
11
Let n(w) = -3*w**3 - 8*w**2 - 3*w + 9. Let p be n(-4). Suppose 9*l = 50 + p. What is the remainder when l is divided by 10?
5
Let n(v) = 2*v**2 - 10. Let i be n(3). Suppose 0 = 4*z - i, h + z = -3*h + 94. What is the remainder when 87 is divided by h?
18
Suppose 330 = 5*s - 5*u, -2*s - 4*u + 262 - 130 = 0. What is the remainder when 111 is divided by s?
45
Let a(u) = u**2 + 23*u + 45. Let d be a(-21). Let s be 2 - 12/9*d. What is the remainder when 3 + 384/15 + s/(-5) is divided by 9?
2
Suppose 79 - 33 = 23*u. Suppose 0 = 2*o - 5*j + 7*j - 8, -u = j. Suppose -1 = 2*n - 19. Calculate the remainder when n is divided by o.
3
Suppose 223*y + 3*h - 2715 = 220*y, h = 1. Calculate the remainder when y is divided by 158.
114
Let r(t) be the first derivative of -1/3*t**3 + 1/2*t**4 + 0*t**2 + 5*t - 1. Calculate the remainder when r(0) is divided by 4.
1
Suppose 0 = -89*t + 27*t + 5208. What is the remainder when 3272 is divided by t?
80
Let i = 108 - 39. Let z = -259 - 45. Let u = z + 328. Calculate the remainder when i is divided by u.
21
Let y(f) = 3*f**2 - 35*f + 198. What is the remainder when y(16) is divided by 26?
16
Suppose 5*o - 3*r - 21020 = 0, -3*r + 12945 - 357 = 3*o. What is the remainder when o is divided by 191?
190
Let d(b) = -b**2 + 18*b - 2 - 10*b - 9*b. Let q be d(6). Calculate the remainder when 88 is divided by (-9)/(-1) + q/(-11).
10
Let z = 6916 + -6765. Calculate the remainder when 747 is divided by z.
143
Suppose -312*q = -2915 - 1453. What is the remainder when 2097 is divided by q?
11
Let c(k) be the second derivative of k**3/2 - 3*k**2/2 + 2*k. What is the remainder when -6 + (-360)/(-70) - 167/(-7) is divided by c(4)?
5
Let o = 1436 - 1293. What is the remainder when o is divided by 18?
17
Calculate the remainder when ((-154)/4)/((-1)/2) is divided by (-68)/17*(-1 - 27/4).
15
Suppose 0 = 4*j - 4*o - 146 - 78, 122 = 2*j - 4*o. Suppose -j*l + 1188 = -33*l. What is the remainder when l is divided by 23?
20
Suppose -16*z + 44*z = 0. Suppose 16*r - 264 - 680 = z. What is the remainder when 113 is divided by r?
54
Let q = -503 - -544. Suppose -4*u = q*u - 2025. Calculate the remainder when u is divided by 12.
9
Let d(j) = 2*j**2 + 21*j + 153. Calculate the remainder when 685 is divided by d(-5).
97
Suppose 0 = -12*z - 3 + 15. Let g be (-2821)/(-62)*(-2)/z. Let c = 121 + g. Calculate the remainder when c is divided by 17.
13
Suppose 0 = 10*f + f - 22. Suppose 6*i = f*i - 20, -4*v + 9 = 3*i. Let j = v - -1. What is the remainder when 34 is divided by j?
6
Let z = 107 - 27. Suppose -3*o + 104 = 2*p, -55 - z = -4*o + p. Calculate the remainder when (-2)/((-4)/(-2))*-131 is divided by o.
29
Let m = 843 + -792. What is the remainder when 1635 is divided by m?
3
Let x be 24/14 - (-2)/7. Suppose -9*i + 791 = -x*i. Suppose -v = 4*v - 190. Calculate the remainder when i is divided by v.
37
Let k = 941 + -916. Calculate the remainder when 647 is divided by k.
22
Let c(l) = -13*l + 1. Let z be c(-1). Let x = z - 2. What is the remainder when (-14 - -71) + (0 - 0) is divided by x?
9
Let o(s) = s + 59. Let d = 117 - 106. Let k be 25*(d/15 - 2/6). Calculate the remainder when o(k) is divided by 7.
6
Let q = 12 - 7. Suppose -2*a + 2*b - 5 = a, -3*a + q*b = 17. Calculate the remainder when 3 - (-9)/((-45)/10) is divided by a.
0
What is the remainder when 2885 is divided by ((1053/13)/(-9))/((-9)/111)?
110
Calculate the remainder when 31171 is divided by 2/((118/590)/((-5)/(-2))).
21
Let o = 82 - 16. Suppose -4222*g + 1488 = -4198*g. Let m = o - g. What is the remainder when 53 is divided by m?
1
What is the remainder when (19 + (-414)/45)/(2/850) is divided by 12?
1
Suppose 0 = 4*m - 11*m + 70. Suppose m*g + 1056 = 16*g. Calculate the remainder when g is divided by 46.
38
What is the remainder when 3/(-1)*(-212)/(-159) - -810 is divided by 55?
36
Let u = 143 + -155. Calculate the remainder when (1374/u - 1)*(-4)/6 is divided by 6.
5
Let l = 2622 + -1366. Calculate the remainder when l is divided by 36.
32
Let w(s) = -36*s + 4095. Calculate the remainder when 888 is divided by w(113).
24
Let z be (84/(-63))/(2/(-3)). Suppose -z*u = u - 9. Let w(k) = 2*k**2 + 1. Calculate the remainder when w(u) is divided by 10.
9
Suppose 5*l - 1503 = 1017. Let q = l - 442. What is the remainder when q is divided by 21?
20
Let h be (-151 - -1)/(2/(-5)). Let n = h - 349. What is the remainder when n is divided by (-12)/(-3*1/2)?
2
Let d be (0/(-8))/((-1)/1). Suppose 2*c = -2*p + 96, d = 2*c - 5*c + p + 160. Suppose 4*z - 14 = 3*z. Calculate the remainder when c is divided by z.
10
Suppose 2*v + 4*u + 18 = 0, v = -0*v - 3*u - 12. Calculate the remainder when 163 is divided by (-2 + 86)*v*(-3)/18.
37
Suppose -2102*m + 2104*m = j - 57, 0 = -3*m - 24. What is the remainder when 101 is divided by j?
19
Suppose 0*r - 1874 = -5*j - 2*r, 3*r - 1128 = -3*j. What is the remainder when 118 is divided by 8/18 + j/9?
34
Suppose -60*n = -55*n - 15. What is the remainder when 42 is divided by 48/(-18)*(n - 9)?
10
Let c(i) = 393*i - 32. What is the remainder when c(1) is divided by 116?
13
Suppose -2*k - 5*h + 23 = -0*k, k - 10 = -h. Suppose 5*o - k*o = -416. Let n = -43 + o. What is the remainder when n is divided by 16?
13
Suppose 8*f = -2*a + 5*f + 3540, -4 = -f. Calculate the remainder when a is divided by 13.
9
Calculate the remainder when 997 is divided by (-34)/(-12) + 6/36 - (195 - 195).
1
Let n(d) = 18*d**2 + 487*d + 41. Suppose g = -g - 2*t + 40, -3*g = -2*t - 35. What is the remainder when g is divided by n(-27)?
1
Let m = 555 - 108. Suppose -m = -9*x + 327. Calculate the remainder when x is divided by 22.
20
Suppose -13*z = -10*z - 9. Suppose z*l + 13 = 46. Calculate the remainder when 39 is divided by l.
6
Let y = -9 + 30. Suppose 0 = a + a, -z + a = -y. Suppose 10 = z*q - 19*q. Calculate the remainder when 24 is divided by q.
4
Calculate the remainder when 660 is divided by (-99)/(-27) - (-903)/63.
12
Let s = 42 - 43. Let a be 1 + s - ((-8)/4 - 4). What is the remainder when ((-301)/28 - a)/((-1)/4) is divided by 17?
16
Suppose -q + 24 = 3*q. Suppose -31 = -q*b - 1. Suppose b*v - 172 - 18 = 0. Calculate the remainder when 111 is divided by v.
35
Let g = 22542 - 22388. What is the remainder when 8777 is divided by g?
153
Let d = -33 - -57. Let m be (6/d*-3)/(2/(-448)). What is the remainder when 128 is div